{"id":859,"date":"2024-10-27T22:40:27","date_gmt":"2024-10-27T21:40:27","guid":{"rendered":"https:\/\/holistiquement-bien.fr\/?page_id=859"},"modified":"2024-10-27T22:49:52","modified_gmt":"2024-10-27T21:49:52","slug":"octobre-2024","status":"publish","type":"page","link":"https:\/\/holistiquement-bien.fr\/?page_id=859","title":{"rendered":"Octobre 2024"},"content":{"rendered":"\n<figure class=\"wp-block-embed is-type-video is-provider-youtube wp-block-embed-youtube wp-embed-aspect-4-3 wp-has-aspect-ratio\"><div class=\"wp-block-embed__wrapper\">\n<div class=\"video-container\"><iframe title=\"video Newsletter Holistiquement Bien octobre\" width=\"500\" height=\"375\" src=\"https:\/\/www.youtube.com\/embed\/FlNOdFSZMSI?feature=oembed&#038;wmode=opaque\" frameborder=\"0\" allow=\"accelerometer; autoplay; clipboard-write; encrypted-media; gyroscope; picture-in-picture; web-share\" referrerpolicy=\"strict-origin-when-cross-origin\" allowfullscreen><\/iframe><\/div>\n<\/div><figcaption class=\"wp-element-caption\">Voici la newsletter du mois d&rsquo;octobre de l&rsquo;association&#8230; <\/figcaption><\/figure>\n\n\n\n<p>Vous y trouverez la pr\u00e9sentation de notre vision du yoga ainsi que la pr\u00e9sentation des diff\u00e9rents cours que nous proposons&#8230; <\/p>\n\n\n\n<p>Si vous avez des questions, n&rsquo;h\u00e9sitez pas \u00e0 nous contacter par mail&#8230; ou venir nous rencontrer lors d&rsquo;une s\u00e9ance d&rsquo;essai&#8230;<\/p>\n\n\n\n<p><\/p>\n\n\n\n<div class=\"wp-block-group\"><div class=\"wp-block-group__inner-container is-layout-constrained wp-block-group-is-layout-constrained\">\n<div class=\"wp-block-group\"><div class=\"wp-block-group__inner-container is-layout-constrained wp-block-group-is-layout-constrained\">\n<figure class=\"wp-block-gallery has-nested-images columns-default is-cropped wp-block-gallery-1 is-layout-flex wp-block-gallery-is-layout-flex\">\n<figure class=\"wp-block-image size-large\"><img fetchpriority=\"high\" decoding=\"async\" width=\"1024\" height=\"1024\" data-id=\"860\" src=\"https:\/\/holistiquement-bien.fr\/wp-content\/uploads\/2024\/10\/3-1024x1024.jpg\" alt=\"\" class=\"wp-image-860\" srcset=\"https:\/\/holistiquement-bien.fr\/wp-content\/uploads\/2024\/10\/3-1024x1024.jpg 1024w, https:\/\/holistiquement-bien.fr\/wp-content\/uploads\/2024\/10\/3-300x300.jpg 300w, https:\/\/holistiquement-bien.fr\/wp-content\/uploads\/2024\/10\/3-150x150.jpg 150w, https:\/\/holistiquement-bien.fr\/wp-content\/uploads\/2024\/10\/3-768x768.jpg 768w, https:\/\/holistiquement-bien.fr\/wp-content\/uploads\/2024\/10\/3-80x80.jpg 80w, https:\/\/holistiquement-bien.fr\/wp-content\/uploads\/2024\/10\/3-320x320.jpg 320w, https:\/\/holistiquement-bien.fr\/wp-content\/uploads\/2024\/10\/3.jpg 1080w\" sizes=\"(max-width: 1024px) 100vw, 1024px\" \/><\/figure>\n<\/figure>\n<\/div><\/div>\n\n\n\n<figure class=\"wp-block-gallery has-nested-images columns-default is-cropped wp-block-gallery-2 is-layout-flex wp-block-gallery-is-layout-flex\">\n<figure class=\"wp-block-image size-large\"><img decoding=\"async\" width=\"1024\" height=\"1024\" data-id=\"865\" src=\"https:\/\/holistiquement-bien.fr\/wp-content\/uploads\/2024\/10\/5-1024x1024.jpg\" alt=\"\" class=\"wp-image-865\" srcset=\"https:\/\/holistiquement-bien.fr\/wp-content\/uploads\/2024\/10\/5-1024x1024.jpg 1024w, https:\/\/holistiquement-bien.fr\/wp-content\/uploads\/2024\/10\/5-300x300.jpg 300w, https:\/\/holistiquement-bien.fr\/wp-content\/uploads\/2024\/10\/5-150x150.jpg 150w, https:\/\/holistiquement-bien.fr\/wp-content\/uploads\/2024\/10\/5-768x768.jpg 768w, https:\/\/holistiquement-bien.fr\/wp-content\/uploads\/2024\/10\/5-80x80.jpg 80w, https:\/\/holistiquement-bien.fr\/wp-content\/uploads\/2024\/10\/5-320x320.jpg 320w, https:\/\/holistiquement-bien.fr\/wp-content\/uploads\/2024\/10\/5.jpg 1080w\" sizes=\"(max-width: 1024px) 100vw, 1024px\" \/><\/figure>\n\n\n\n<figure class=\"wp-block-image size-large\"><img decoding=\"async\" width=\"1024\" height=\"1024\" data-id=\"863\" src=\"https:\/\/holistiquement-bien.fr\/wp-content\/uploads\/2024\/10\/7-1024x1024.jpg\" alt=\"\" class=\"wp-image-863\" srcset=\"https:\/\/holistiquement-bien.fr\/wp-content\/uploads\/2024\/10\/7-1024x1024.jpg 1024w, https:\/\/holistiquement-bien.fr\/wp-content\/uploads\/2024\/10\/7-300x300.jpg 300w, https:\/\/holistiquement-bien.fr\/wp-content\/uploads\/2024\/10\/7-150x150.jpg 150w, https:\/\/holistiquement-bien.fr\/wp-content\/uploads\/2024\/10\/7-768x768.jpg 768w, https:\/\/holistiquement-bien.fr\/wp-content\/uploads\/2024\/10\/7-80x80.jpg 80w, https:\/\/holistiquement-bien.fr\/wp-content\/uploads\/2024\/10\/7-320x320.jpg 320w, https:\/\/holistiquement-bien.fr\/wp-content\/uploads\/2024\/10\/7.jpg 1080w\" sizes=\"(max-width: 1024px) 100vw, 1024px\" \/><\/figure>\n\n\n\n<figure class=\"wp-block-image size-large\"><img loading=\"lazy\" decoding=\"async\" width=\"1024\" height=\"1024\" data-id=\"862\" src=\"https:\/\/holistiquement-bien.fr\/wp-content\/uploads\/2024\/10\/9-1024x1024.jpg\" alt=\"\" class=\"wp-image-862\" srcset=\"https:\/\/holistiquement-bien.fr\/wp-content\/uploads\/2024\/10\/9-1024x1024.jpg 1024w, https:\/\/holistiquement-bien.fr\/wp-content\/uploads\/2024\/10\/9-300x300.jpg 300w, https:\/\/holistiquement-bien.fr\/wp-content\/uploads\/2024\/10\/9-150x150.jpg 150w, https:\/\/holistiquement-bien.fr\/wp-content\/uploads\/2024\/10\/9-768x768.jpg 768w, https:\/\/holistiquement-bien.fr\/wp-content\/uploads\/2024\/10\/9-80x80.jpg 80w, https:\/\/holistiquement-bien.fr\/wp-content\/uploads\/2024\/10\/9-320x320.jpg 320w, https:\/\/holistiquement-bien.fr\/wp-content\/uploads\/2024\/10\/9.jpg 1080w\" sizes=\"(max-width: 1024px) 100vw, 1024px\" \/><\/figure>\n\n\n\n<figure class=\"wp-block-image size-large\"><img loading=\"lazy\" decoding=\"async\" width=\"1024\" height=\"1024\" data-id=\"866\" src=\"https:\/\/holistiquement-bien.fr\/wp-content\/uploads\/2024\/10\/11-1024x1024.jpg\" alt=\"\" class=\"wp-image-866\" srcset=\"https:\/\/holistiquement-bien.fr\/wp-content\/uploads\/2024\/10\/11-1024x1024.jpg 1024w, https:\/\/holistiquement-bien.fr\/wp-content\/uploads\/2024\/10\/11-300x300.jpg 300w, https:\/\/holistiquement-bien.fr\/wp-content\/uploads\/2024\/10\/11-150x150.jpg 150w, https:\/\/holistiquement-bien.fr\/wp-content\/uploads\/2024\/10\/11-768x768.jpg 768w, https:\/\/holistiquement-bien.fr\/wp-content\/uploads\/2024\/10\/11-80x80.jpg 80w, https:\/\/holistiquement-bien.fr\/wp-content\/uploads\/2024\/10\/11-320x320.jpg 320w, https:\/\/holistiquement-bien.fr\/wp-content\/uploads\/2024\/10\/11.jpg 1080w\" sizes=\"(max-width: 1024px) 100vw, 1024px\" \/><\/figure>\n\n\n\n<figure class=\"wp-block-image size-large\"><img loading=\"lazy\" decoding=\"async\" width=\"1024\" height=\"1024\" data-id=\"864\" src=\"https:\/\/holistiquement-bien.fr\/wp-content\/uploads\/2024\/10\/13-1024x1024.jpg\" alt=\"\" class=\"wp-image-864\" srcset=\"https:\/\/holistiquement-bien.fr\/wp-content\/uploads\/2024\/10\/13-1024x1024.jpg 1024w, https:\/\/holistiquement-bien.fr\/wp-content\/uploads\/2024\/10\/13-300x300.jpg 300w, https:\/\/holistiquement-bien.fr\/wp-content\/uploads\/2024\/10\/13-150x150.jpg 150w, https:\/\/holistiquement-bien.fr\/wp-content\/uploads\/2024\/10\/13-768x768.jpg 768w, https:\/\/holistiquement-bien.fr\/wp-content\/uploads\/2024\/10\/13-80x80.jpg 80w, https:\/\/holistiquement-bien.fr\/wp-content\/uploads\/2024\/10\/13-320x320.jpg 320w, https:\/\/holistiquement-bien.fr\/wp-content\/uploads\/2024\/10\/13.jpg 1080w\" sizes=\"(max-width: 1024px) 100vw, 1024px\" \/><\/figure>\n\n\n\n<figure class=\"wp-block-image size-large\"><img loading=\"lazy\" decoding=\"async\" width=\"1024\" height=\"1024\" data-id=\"867\" src=\"https:\/\/holistiquement-bien.fr\/wp-content\/uploads\/2024\/10\/15-1024x1024.jpg\" alt=\"\" class=\"wp-image-867\" srcset=\"https:\/\/holistiquement-bien.fr\/wp-content\/uploads\/2024\/10\/15-1024x1024.jpg 1024w, https:\/\/holistiquement-bien.fr\/wp-content\/uploads\/2024\/10\/15-300x300.jpg 300w, https:\/\/holistiquement-bien.fr\/wp-content\/uploads\/2024\/10\/15-150x150.jpg 150w, https:\/\/holistiquement-bien.fr\/wp-content\/uploads\/2024\/10\/15-768x768.jpg 768w, https:\/\/holistiquement-bien.fr\/wp-content\/uploads\/2024\/10\/15-80x80.jpg 80w, https:\/\/holistiquement-bien.fr\/wp-content\/uploads\/2024\/10\/15-320x320.jpg 320w, https:\/\/holistiquement-bien.fr\/wp-content\/uploads\/2024\/10\/15.jpg 1080w\" sizes=\"(max-width: 1024px) 100vw, 1024px\" \/><\/figure>\n\n\n\n<figure class=\"wp-block-image size-large\"><img loading=\"lazy\" decoding=\"async\" width=\"1024\" height=\"1024\" data-id=\"869\" src=\"https:\/\/holistiquement-bien.fr\/wp-content\/uploads\/2024\/10\/16-1024x1024.jpg\" alt=\"\" class=\"wp-image-869\" srcset=\"https:\/\/holistiquement-bien.fr\/wp-content\/uploads\/2024\/10\/16-1024x1024.jpg 1024w, https:\/\/holistiquement-bien.fr\/wp-content\/uploads\/2024\/10\/16-300x300.jpg 300w, https:\/\/holistiquement-bien.fr\/wp-content\/uploads\/2024\/10\/16-150x150.jpg 150w, https:\/\/holistiquement-bien.fr\/wp-content\/uploads\/2024\/10\/16-768x768.jpg 768w, https:\/\/holistiquement-bien.fr\/wp-content\/uploads\/2024\/10\/16-80x80.jpg 80w, https:\/\/holistiquement-bien.fr\/wp-content\/uploads\/2024\/10\/16-320x320.jpg 320w, https:\/\/holistiquement-bien.fr\/wp-content\/uploads\/2024\/10\/16.jpg 1080w\" sizes=\"(max-width: 1024px) 100vw, 1024px\" \/><\/figure>\n\n\n\n<figure class=\"wp-block-image size-large\"><img loading=\"lazy\" decoding=\"async\" width=\"1024\" height=\"1024\" data-id=\"861\" src=\"https:\/\/holistiquement-bien.fr\/wp-content\/uploads\/2024\/10\/18-1024x1024.jpg\" alt=\"\" class=\"wp-image-861\" srcset=\"https:\/\/holistiquement-bien.fr\/wp-content\/uploads\/2024\/10\/18-1024x1024.jpg 1024w, https:\/\/holistiquement-bien.fr\/wp-content\/uploads\/2024\/10\/18-300x300.jpg 300w, https:\/\/holistiquement-bien.fr\/wp-content\/uploads\/2024\/10\/18-150x150.jpg 150w, https:\/\/holistiquement-bien.fr\/wp-content\/uploads\/2024\/10\/18-768x768.jpg 768w, https:\/\/holistiquement-bien.fr\/wp-content\/uploads\/2024\/10\/18-80x80.jpg 80w, https:\/\/holistiquement-bien.fr\/wp-content\/uploads\/2024\/10\/18-320x320.jpg 320w, https:\/\/holistiquement-bien.fr\/wp-content\/uploads\/2024\/10\/18.jpg 1080w\" sizes=\"(max-width: 1024px) 100vw, 1024px\" \/><\/figure>\n\n\n\n<figure class=\"wp-block-image size-large\"><img loading=\"lazy\" decoding=\"async\" width=\"1024\" height=\"1024\" data-id=\"868\" src=\"https:\/\/holistiquement-bien.fr\/wp-content\/uploads\/2024\/10\/20-1024x1024.jpg\" alt=\"\" class=\"wp-image-868\" srcset=\"https:\/\/holistiquement-bien.fr\/wp-content\/uploads\/2024\/10\/20-1024x1024.jpg 1024w, https:\/\/holistiquement-bien.fr\/wp-content\/uploads\/2024\/10\/20-300x300.jpg 300w, https:\/\/holistiquement-bien.fr\/wp-content\/uploads\/2024\/10\/20-150x150.jpg 150w, https:\/\/holistiquement-bien.fr\/wp-content\/uploads\/2024\/10\/20-768x768.jpg 768w, https:\/\/holistiquement-bien.fr\/wp-content\/uploads\/2024\/10\/20-80x80.jpg 80w, https:\/\/holistiquement-bien.fr\/wp-content\/uploads\/2024\/10\/20-320x320.jpg 320w, https:\/\/holistiquement-bien.fr\/wp-content\/uploads\/2024\/10\/20.jpg 1080w\" sizes=\"(max-width: 1024px) 100vw, 1024px\" \/><\/figure>\n<\/figure>\n<\/div><\/div>\n\n\n\n<p><\/p>\n","protected":false},"excerpt":{"rendered":"<p>Vous y trouverez la pr\u00e9sentation de notre vision du yoga ainsi que la pr\u00e9sentation des diff\u00e9rents cours que nous proposons&#8230; Si vous avez des questions, n&rsquo;h\u00e9sitez pas \u00e0 nous contacter par mail&#8230; ou venir&#46;&#46;&#46;<\/p>\n","protected":false},"author":2,"featured_media":0,"parent":762,"menu_order":0,"comment_status":"closed","ping_status":"closed","template":"","meta":{"om_disable_all_campaigns":false,"_monsterinsights_skip_tracking":false,"_monsterinsights_sitenote_active":false,"_monsterinsights_sitenote_note":"","_monsterinsights_sitenote_category":0,"_uf_show_specific_survey":0,"_uf_disable_surveys":false,"footnotes":""},"class_list":["post-859","page","type-page","status-publish","hentry"],"aioseo_notices":[],"_links":{"self":[{"href":"https:\/\/holistiquement-bien.fr\/index.php?rest_route=\/wp\/v2\/pages\/859","targetHints":{"allow":["GET"]}}],"collection":[{"href":"https:\/\/holistiquement-bien.fr\/index.php?rest_route=\/wp\/v2\/pages"}],"about":[{"href":"https:\/\/holistiquement-bien.fr\/index.php?rest_route=\/wp\/v2\/types\/page"}],"author":[{"embeddable":true,"href":"https:\/\/holistiquement-bien.fr\/index.php?rest_route=\/wp\/v2\/users\/2"}],"replies":[{"embeddable":true,"href":"https:\/\/holistiquement-bien.fr\/index.php?rest_route=%2Fwp%2Fv2%2Fcomments&post=859"}],"version-history":[{"count":1,"href":"https:\/\/holistiquement-bien.fr\/index.php?rest_route=\/wp\/v2\/pages\/859\/revisions"}],"predecessor-version":[{"id":870,"href":"https:\/\/holistiquement-bien.fr\/index.php?rest_route=\/wp\/v2\/pages\/859\/revisions\/870"}],"up":[{"embeddable":true,"href":"https:\/\/holistiquement-bien.fr\/index.php?rest_route=\/wp\/v2\/pages\/762"}],"wp:attachment":[{"href":"https:\/\/holistiquement-bien.fr\/index.php?rest_route=%2Fwp%2Fv2%2Fmedia&parent=859"}],"curies":[{"name":"wp","href":"https:\/\/api.w.org\/{rel}","templated":true}]}}