{"id":875,"date":"2024-12-29T19:15:06","date_gmt":"2024-12-29T18:15:06","guid":{"rendered":"https:\/\/holistiquement-bien.fr\/?page_id=875"},"modified":"2024-12-29T19:15:07","modified_gmt":"2024-12-29T18:15:07","slug":"newsletter-n3-novembre-2024","status":"publish","type":"page","link":"https:\/\/holistiquement-bien.fr\/?page_id=875","title":{"rendered":"Newsletter n\u00b03 &#8211; Novembre 2024"},"content":{"rendered":"\n<p>Apr\u00e8s la d\u00e9couverte du yoga du rire et de notre animatrice Marie en Septembre&#8230;<\/p>\n\n\n\n<p>Apr\u00e8s la pr\u00e9sentation de nos cours de yoga et de notre professeure Julie&#8230;<\/p>\n\n\n\n<p>Voici votre nouvelle newsletter qui vous pr\u00e9sentera un regard crois\u00e9 (gr\u00e2ce \u00e0 diff\u00e9rents partenaires) autour des bienfaits du son dans le domaine du bien-\u00eatre&#8230;<\/p>\n\n\n\n<figure class=\"wp-block-embed is-type-video is-provider-youtube wp-block-embed-youtube wp-embed-aspect-4-3 wp-has-aspect-ratio\"><div class=\"wp-block-embed__wrapper\">\n<div class=\"video-container\"><iframe title=\"Newsletter Holistiquement Bien Novembre Partie 1\" width=\"500\" height=\"375\" src=\"https:\/\/www.youtube.com\/embed\/BdmauOxT4ZI?feature=oembed&#038;wmode=opaque\" frameborder=\"0\" allow=\"accelerometer; autoplay; clipboard-write; encrypted-media; gyroscope; picture-in-picture; web-share\" referrerpolicy=\"strict-origin-when-cross-origin\" allowfullscreen><\/iframe><\/div>\n<\/div><\/figure>\n\n\n\n<p>Le son fait tellement partie de notre quotidien de praticien qu&rsquo;une seule vid\u00e9o ne suffisait pas&#8230; Voici donc la deuxi\u00e8me partie \ud83d\ude09<\/p>\n\n\n\n<figure class=\"wp-block-embed is-type-video is-provider-youtube wp-block-embed-youtube wp-embed-aspect-4-3 wp-has-aspect-ratio\"><div class=\"wp-block-embed__wrapper\">\n<div class=\"video-container\"><iframe title=\"News letter Holistiquement Bien Novembre Partie 2\" width=\"500\" height=\"375\" src=\"https:\/\/www.youtube.com\/embed\/lq64CYQqGEA?feature=oembed&#038;wmode=opaque\" frameborder=\"0\" allow=\"accelerometer; autoplay; clipboard-write; encrypted-media; gyroscope; picture-in-picture; web-share\" referrerpolicy=\"strict-origin-when-cross-origin\" allowfullscreen><\/iframe><\/div>\n<\/div><\/figure>\n\n\n\n<p>Voici un r\u00e9sum\u00e9 en image&#8230;<\/p>\n\n\n\n<figure class=\"wp-block-gallery has-nested-images columns-default is-cropped wp-block-gallery-1 is-layout-flex wp-block-gallery-is-layout-flex\">\n<figure class=\"wp-block-image size-large\"><img fetchpriority=\"high\" decoding=\"async\" width=\"1024\" height=\"1024\" data-id=\"886\" src=\"https:\/\/holistiquement-bien.fr\/wp-content\/uploads\/2024\/12\/1-1-1024x1024.png\" alt=\"\" class=\"wp-image-886\" srcset=\"https:\/\/holistiquement-bien.fr\/wp-content\/uploads\/2024\/12\/1-1-1024x1024.png 1024w, https:\/\/holistiquement-bien.fr\/wp-content\/uploads\/2024\/12\/1-1-300x300.png 300w, https:\/\/holistiquement-bien.fr\/wp-content\/uploads\/2024\/12\/1-1-150x150.png 150w, https:\/\/holistiquement-bien.fr\/wp-content\/uploads\/2024\/12\/1-1-768x768.png 768w, https:\/\/holistiquement-bien.fr\/wp-content\/uploads\/2024\/12\/1-1-80x80.png 80w, https:\/\/holistiquement-bien.fr\/wp-content\/uploads\/2024\/12\/1-1-320x320.png 320w, https:\/\/holistiquement-bien.fr\/wp-content\/uploads\/2024\/12\/1-1.png 1080w\" sizes=\"(max-width: 1024px) 100vw, 1024px\" \/><\/figure>\n\n\n\n<figure class=\"wp-block-image size-large\"><img decoding=\"async\" width=\"1024\" height=\"1024\" data-id=\"878\" src=\"https:\/\/holistiquement-bien.fr\/wp-content\/uploads\/2024\/12\/6-1-1024x1024.png\" alt=\"\" class=\"wp-image-878\" srcset=\"https:\/\/holistiquement-bien.fr\/wp-content\/uploads\/2024\/12\/6-1-1024x1024.png 1024w, https:\/\/holistiquement-bien.fr\/wp-content\/uploads\/2024\/12\/6-1-300x300.png 300w, https:\/\/holistiquement-bien.fr\/wp-content\/uploads\/2024\/12\/6-1-150x150.png 150w, https:\/\/holistiquement-bien.fr\/wp-content\/uploads\/2024\/12\/6-1-768x768.png 768w, https:\/\/holistiquement-bien.fr\/wp-content\/uploads\/2024\/12\/6-1-80x80.png 80w, https:\/\/holistiquement-bien.fr\/wp-content\/uploads\/2024\/12\/6-1-320x320.png 320w, https:\/\/holistiquement-bien.fr\/wp-content\/uploads\/2024\/12\/6-1.png 1080w\" sizes=\"(max-width: 1024px) 100vw, 1024px\" \/><\/figure>\n\n\n\n<figure class=\"wp-block-image size-large\"><img decoding=\"async\" width=\"1024\" height=\"1024\" data-id=\"879\" src=\"https:\/\/holistiquement-bien.fr\/wp-content\/uploads\/2024\/12\/12-1024x1024.png\" alt=\"\" class=\"wp-image-879\" srcset=\"https:\/\/holistiquement-bien.fr\/wp-content\/uploads\/2024\/12\/12-1024x1024.png 1024w, https:\/\/holistiquement-bien.fr\/wp-content\/uploads\/2024\/12\/12-300x300.png 300w, https:\/\/holistiquement-bien.fr\/wp-content\/uploads\/2024\/12\/12-150x150.png 150w, https:\/\/holistiquement-bien.fr\/wp-content\/uploads\/2024\/12\/12-768x768.png 768w, https:\/\/holistiquement-bien.fr\/wp-content\/uploads\/2024\/12\/12-80x80.png 80w, https:\/\/holistiquement-bien.fr\/wp-content\/uploads\/2024\/12\/12-320x320.png 320w, https:\/\/holistiquement-bien.fr\/wp-content\/uploads\/2024\/12\/12.png 1080w\" sizes=\"(max-width: 1024px) 100vw, 1024px\" \/><\/figure>\n\n\n\n<figure class=\"wp-block-image size-large\"><img loading=\"lazy\" decoding=\"async\" width=\"1024\" height=\"1024\" data-id=\"889\" src=\"https:\/\/holistiquement-bien.fr\/wp-content\/uploads\/2024\/12\/20-1024x1024.png\" alt=\"\" class=\"wp-image-889\" srcset=\"https:\/\/holistiquement-bien.fr\/wp-content\/uploads\/2024\/12\/20-1024x1024.png 1024w, https:\/\/holistiquement-bien.fr\/wp-content\/uploads\/2024\/12\/20-300x300.png 300w, https:\/\/holistiquement-bien.fr\/wp-content\/uploads\/2024\/12\/20-150x150.png 150w, https:\/\/holistiquement-bien.fr\/wp-content\/uploads\/2024\/12\/20-768x768.png 768w, https:\/\/holistiquement-bien.fr\/wp-content\/uploads\/2024\/12\/20-80x80.png 80w, https:\/\/holistiquement-bien.fr\/wp-content\/uploads\/2024\/12\/20-320x320.png 320w, https:\/\/holistiquement-bien.fr\/wp-content\/uploads\/2024\/12\/20.png 1080w\" sizes=\"(max-width: 1024px) 100vw, 1024px\" \/><\/figure>\n\n\n\n<figure class=\"wp-block-image size-large\"><img loading=\"lazy\" decoding=\"async\" width=\"1024\" height=\"1024\" data-id=\"887\" src=\"https:\/\/holistiquement-bien.fr\/wp-content\/uploads\/2024\/12\/25-1024x1024.png\" alt=\"\" class=\"wp-image-887\" srcset=\"https:\/\/holistiquement-bien.fr\/wp-content\/uploads\/2024\/12\/25-1024x1024.png 1024w, https:\/\/holistiquement-bien.fr\/wp-content\/uploads\/2024\/12\/25-300x300.png 300w, https:\/\/holistiquement-bien.fr\/wp-content\/uploads\/2024\/12\/25-150x150.png 150w, https:\/\/holistiquement-bien.fr\/wp-content\/uploads\/2024\/12\/25-768x768.png 768w, https:\/\/holistiquement-bien.fr\/wp-content\/uploads\/2024\/12\/25-80x80.png 80w, https:\/\/holistiquement-bien.fr\/wp-content\/uploads\/2024\/12\/25-320x320.png 320w, https:\/\/holistiquement-bien.fr\/wp-content\/uploads\/2024\/12\/25.png 1080w\" sizes=\"(max-width: 1024px) 100vw, 1024px\" \/><\/figure>\n\n\n\n<figure class=\"wp-block-image size-large\"><img loading=\"lazy\" decoding=\"async\" width=\"1024\" height=\"1024\" data-id=\"882\" src=\"https:\/\/holistiquement-bien.fr\/wp-content\/uploads\/2024\/12\/50-1024x1024.png\" alt=\"\" class=\"wp-image-882\" srcset=\"https:\/\/holistiquement-bien.fr\/wp-content\/uploads\/2024\/12\/50-1024x1024.png 1024w, https:\/\/holistiquement-bien.fr\/wp-content\/uploads\/2024\/12\/50-300x300.png 300w, https:\/\/holistiquement-bien.fr\/wp-content\/uploads\/2024\/12\/50-150x150.png 150w, https:\/\/holistiquement-bien.fr\/wp-content\/uploads\/2024\/12\/50-768x768.png 768w, https:\/\/holistiquement-bien.fr\/wp-content\/uploads\/2024\/12\/50-80x80.png 80w, https:\/\/holistiquement-bien.fr\/wp-content\/uploads\/2024\/12\/50-320x320.png 320w, https:\/\/holistiquement-bien.fr\/wp-content\/uploads\/2024\/12\/50.png 1080w\" sizes=\"(max-width: 1024px) 100vw, 1024px\" \/><\/figure>\n\n\n\n<figure class=\"wp-block-image size-large\"><img loading=\"lazy\" decoding=\"async\" width=\"1024\" height=\"1024\" data-id=\"880\" src=\"https:\/\/holistiquement-bien.fr\/wp-content\/uploads\/2024\/12\/62-1024x1024.png\" alt=\"\" class=\"wp-image-880\" srcset=\"https:\/\/holistiquement-bien.fr\/wp-content\/uploads\/2024\/12\/62-1024x1024.png 1024w, https:\/\/holistiquement-bien.fr\/wp-content\/uploads\/2024\/12\/62-300x300.png 300w, https:\/\/holistiquement-bien.fr\/wp-content\/uploads\/2024\/12\/62-150x150.png 150w, https:\/\/holistiquement-bien.fr\/wp-content\/uploads\/2024\/12\/62-768x768.png 768w, https:\/\/holistiquement-bien.fr\/wp-content\/uploads\/2024\/12\/62-80x80.png 80w, https:\/\/holistiquement-bien.fr\/wp-content\/uploads\/2024\/12\/62-320x320.png 320w, https:\/\/holistiquement-bien.fr\/wp-content\/uploads\/2024\/12\/62.png 1080w\" sizes=\"(max-width: 1024px) 100vw, 1024px\" \/><\/figure>\n\n\n\n<figure class=\"wp-block-image size-large\"><img loading=\"lazy\" decoding=\"async\" width=\"1024\" height=\"1024\" data-id=\"885\" src=\"https:\/\/holistiquement-bien.fr\/wp-content\/uploads\/2024\/12\/105-1024x1024.png\" alt=\"\" class=\"wp-image-885\" srcset=\"https:\/\/holistiquement-bien.fr\/wp-content\/uploads\/2024\/12\/105-1024x1024.png 1024w, https:\/\/holistiquement-bien.fr\/wp-content\/uploads\/2024\/12\/105-300x300.png 300w, https:\/\/holistiquement-bien.fr\/wp-content\/uploads\/2024\/12\/105-150x150.png 150w, https:\/\/holistiquement-bien.fr\/wp-content\/uploads\/2024\/12\/105-768x768.png 768w, https:\/\/holistiquement-bien.fr\/wp-content\/uploads\/2024\/12\/105-80x80.png 80w, https:\/\/holistiquement-bien.fr\/wp-content\/uploads\/2024\/12\/105-320x320.png 320w, https:\/\/holistiquement-bien.fr\/wp-content\/uploads\/2024\/12\/105.png 1080w\" sizes=\"(max-width: 1024px) 100vw, 1024px\" \/><\/figure>\n\n\n\n<figure class=\"wp-block-image size-large\"><img loading=\"lazy\" decoding=\"async\" width=\"1024\" height=\"1024\" data-id=\"881\" src=\"https:\/\/holistiquement-bien.fr\/wp-content\/uploads\/2024\/12\/117-1024x1024.png\" alt=\"\" class=\"wp-image-881\" srcset=\"https:\/\/holistiquement-bien.fr\/wp-content\/uploads\/2024\/12\/117-1024x1024.png 1024w, https:\/\/holistiquement-bien.fr\/wp-content\/uploads\/2024\/12\/117-300x300.png 300w, https:\/\/holistiquement-bien.fr\/wp-content\/uploads\/2024\/12\/117-150x150.png 150w, https:\/\/holistiquement-bien.fr\/wp-content\/uploads\/2024\/12\/117-768x768.png 768w, https:\/\/holistiquement-bien.fr\/wp-content\/uploads\/2024\/12\/117-80x80.png 80w, https:\/\/holistiquement-bien.fr\/wp-content\/uploads\/2024\/12\/117-320x320.png 320w, https:\/\/holistiquement-bien.fr\/wp-content\/uploads\/2024\/12\/117.png 1080w\" sizes=\"(max-width: 1024px) 100vw, 1024px\" \/><\/figure>\n\n\n\n<figure class=\"wp-block-image size-large\"><img loading=\"lazy\" decoding=\"async\" width=\"1024\" height=\"1024\" data-id=\"883\" src=\"https:\/\/holistiquement-bien.fr\/wp-content\/uploads\/2024\/12\/136-1024x1024.png\" alt=\"\" class=\"wp-image-883\" srcset=\"https:\/\/holistiquement-bien.fr\/wp-content\/uploads\/2024\/12\/136-1024x1024.png 1024w, https:\/\/holistiquement-bien.fr\/wp-content\/uploads\/2024\/12\/136-300x300.png 300w, https:\/\/holistiquement-bien.fr\/wp-content\/uploads\/2024\/12\/136-150x150.png 150w, https:\/\/holistiquement-bien.fr\/wp-content\/uploads\/2024\/12\/136-768x768.png 768w, https:\/\/holistiquement-bien.fr\/wp-content\/uploads\/2024\/12\/136-80x80.png 80w, https:\/\/holistiquement-bien.fr\/wp-content\/uploads\/2024\/12\/136-320x320.png 320w, https:\/\/holistiquement-bien.fr\/wp-content\/uploads\/2024\/12\/136.png 1080w\" sizes=\"(max-width: 1024px) 100vw, 1024px\" \/><\/figure>\n\n\n\n<figure class=\"wp-block-image size-large\"><img loading=\"lazy\" decoding=\"async\" width=\"1024\" height=\"1024\" data-id=\"884\" src=\"https:\/\/holistiquement-bien.fr\/wp-content\/uploads\/2024\/12\/165-1024x1024.png\" alt=\"\" class=\"wp-image-884\" srcset=\"https:\/\/holistiquement-bien.fr\/wp-content\/uploads\/2024\/12\/165-1024x1024.png 1024w, https:\/\/holistiquement-bien.fr\/wp-content\/uploads\/2024\/12\/165-300x300.png 300w, https:\/\/holistiquement-bien.fr\/wp-content\/uploads\/2024\/12\/165-150x150.png 150w, https:\/\/holistiquement-bien.fr\/wp-content\/uploads\/2024\/12\/165-768x768.png 768w, https:\/\/holistiquement-bien.fr\/wp-content\/uploads\/2024\/12\/165-80x80.png 80w, https:\/\/holistiquement-bien.fr\/wp-content\/uploads\/2024\/12\/165-320x320.png 320w, https:\/\/holistiquement-bien.fr\/wp-content\/uploads\/2024\/12\/165.png 1080w\" sizes=\"(max-width: 1024px) 100vw, 1024px\" \/><\/figure>\n\n\n\n<figure class=\"wp-block-image size-large\"><img loading=\"lazy\" decoding=\"async\" width=\"1024\" height=\"1024\" data-id=\"888\" src=\"https:\/\/holistiquement-bien.fr\/wp-content\/uploads\/2024\/12\/220-1024x1024.png\" alt=\"\" class=\"wp-image-888\" srcset=\"https:\/\/holistiquement-bien.fr\/wp-content\/uploads\/2024\/12\/220-1024x1024.png 1024w, https:\/\/holistiquement-bien.fr\/wp-content\/uploads\/2024\/12\/220-300x300.png 300w, https:\/\/holistiquement-bien.fr\/wp-content\/uploads\/2024\/12\/220-150x150.png 150w, https:\/\/holistiquement-bien.fr\/wp-content\/uploads\/2024\/12\/220-768x768.png 768w, https:\/\/holistiquement-bien.fr\/wp-content\/uploads\/2024\/12\/220-80x80.png 80w, https:\/\/holistiquement-bien.fr\/wp-content\/uploads\/2024\/12\/220-320x320.png 320w, https:\/\/holistiquement-bien.fr\/wp-content\/uploads\/2024\/12\/220.png 1080w\" sizes=\"(max-width: 1024px) 100vw, 1024px\" \/><\/figure>\n<\/figure>\n\n\n\n<p>Merci infiniment \u00e0 nos partenaires pour leur t\u00e9moignage et leur partage&#8230;<\/p>\n\n\n\n<p>Merci Martin, Delphine, Pascale, Vinciane, Julie V, Julie D et \u00c9ric&#8230; Retrouvez leur pr\u00e9sentation dans l&rsquo;onglet partenaire&#8230;<\/p>\n\n\n\n<p>Belle d\u00e9couverte \u00e0 rendez-vous le mois prochain pour une nouvelle newsletter&#8230;<\/p>\n","protected":false},"excerpt":{"rendered":"<p>Apr\u00e8s la d\u00e9couverte du yoga du rire et de notre animatrice Marie en Septembre&#8230; Apr\u00e8s la pr\u00e9sentation de nos cours de yoga et de notre professeure Julie&#8230; Voici votre nouvelle newsletter qui vous pr\u00e9sentera&#46;&#46;&#46;<\/p>\n","protected":false},"author":2,"featured_media":0,"parent":0,"menu_order":0,"comment_status":"closed","ping_status":"closed","template":"","meta":{"om_disable_all_campaigns":false,"_monsterinsights_skip_tracking":false,"_monsterinsights_sitenote_active":false,"_monsterinsights_sitenote_note":"","_monsterinsights_sitenote_category":0,"_uf_show_specific_survey":0,"_uf_disable_surveys":false,"footnotes":""},"class_list":["post-875","page","type-page","status-publish","hentry"],"aioseo_notices":[],"_links":{"self":[{"href":"https:\/\/holistiquement-bien.fr\/index.php?rest_route=\/wp\/v2\/pages\/875","targetHints":{"allow":["GET"]}}],"collection":[{"href":"https:\/\/holistiquement-bien.fr\/index.php?rest_route=\/wp\/v2\/pages"}],"about":[{"href":"https:\/\/holistiquement-bien.fr\/index.php?rest_route=\/wp\/v2\/types\/page"}],"author":[{"embeddable":true,"href":"https:\/\/holistiquement-bien.fr\/index.php?rest_route=\/wp\/v2\/users\/2"}],"replies":[{"embeddable":true,"href":"https:\/\/holistiquement-bien.fr\/index.php?rest_route=%2Fwp%2Fv2%2Fcomments&post=875"}],"version-history":[{"count":2,"href":"https:\/\/holistiquement-bien.fr\/index.php?rest_route=\/wp\/v2\/pages\/875\/revisions"}],"predecessor-version":[{"id":891,"href":"https:\/\/holistiquement-bien.fr\/index.php?rest_route=\/wp\/v2\/pages\/875\/revisions\/891"}],"wp:attachment":[{"href":"https:\/\/holistiquement-bien.fr\/index.php?rest_route=%2Fwp%2Fv2%2Fmedia&parent=875"}],"curies":[{"name":"wp","href":"https:\/\/api.w.org\/{rel}","templated":true}]}}